INSERT INTO Role(id,nom_role)
VALUES('1','Administrateur');

INSERT INTO Role(id,nom_role)
VALUES('2','Responsable de Groupe');

INSERT INTO Role(id,nom_role)
VALUES('3','Utilisateur');

INSERT INTO Role(id,nom_role)
VALUES('4','Devellopeur Algorithme');

INSERT INTO Droit(id,nom_droit)
VALUES('1','Creer utilisateur');

INSERT INTO Droit(id,nom_droit)
VALUES('2','Supprimer utilisateur');

INSERT INTO Droit(id,nom_droit)
VALUES('3','Assigner responsable de groupe');

INSERT INTO Droit(id,nom_droit)
VALUES('4','Accepter demande de nouveau groupe');

INSERT INTO Droit(id,nom_droit)
VALUES('5','Retirer un utilisateur dun groupe');

INSERT INTO Droit(id,nom_droit)
VALUES('6','Creer utilisateur meme groupe');

INSERT INTO Droit(id,nom_droit)
VALUES('7','Creer probleme');

INSERT INTO Droit(id,nom_droit)
VALUES('8','Modifier probleme');

INSERT INTO Droit(id,nom_droit)
VALUES('9','Supprimer probleme');

INSERT INTO Droit(id,nom_droit)
VALUES('10','Consulter probleme');

INSERT INTO Droit(id,nom_droit)
VALUES('11','Faire benchmarks');

INSERT INTO Droit(id,nom_droit)
VALUES('12','Demande de nouveau groupe');

INSERT INTO Droit(id,nom_droit)
VALUES('13','Quitter groupe');

INSERT INTO Droit(id,nom_droit)
VALUES('14','Importer des problemes XML');

INSERT INTO Droit(id,nom_droit)
VALUES('15','Creer documents imprimables');

INSERT INTO Droit(id,nom_droit)
VALUES('16','Desinscription');

INSERT INTO Autorisation(id_role,id_droit)
VALUES('1','1');

INSERT INTO Autorisation(id_role,id_droit)
VALUES('1','2');

INSERT INTO Autorisation(id_role,id_droit)
VALUES('1','3');

INSERT INTO Autorisation(id_role,id_droit)
VALUES('1','4');

INSERT INTO Autorisation(id_role,id_droit)
VALUES('1','5');

INSERT INTO Autorisation(id_role,id_droit)
VALUES('1','6');

INSERT INTO Autorisation(id_role,id_droit)
VALUES('1','7');

INSERT INTO Autorisation(id_role,id_droit)
VALUES('1','8');

INSERT INTO Autorisation(id_role,id_droit)
VALUES('1','9');

INSERT INTO Autorisation(id_role,id_droit)
VALUES('1','10');

INSERT INTO Autorisation(id_role,id_droit)
VALUES('1','11');

INSERT INTO Autorisation(id_role,id_droit)
VALUES('1','12');

INSERT INTO Autorisation(id_role,id_droit)
VALUES('1','13');

INSERT INTO Autorisation(id_role,id_droit)
VALUES('1','14');

INSERT INTO Autorisation(id_role,id_droit)
VALUES('1','15');

INSERT INTO Autorisation(id_role,id_droit)
VALUES('1','16');

INSERT INTO Autorisation(id_role,id_droit)
VALUES('2','4');

INSERT INTO Autorisation(id_role,id_droit)
VALUES('2','5');

INSERT INTO Autorisation(id_role,id_droit)
VALUES('2','6');

INSERT INTO Autorisation(id_role,id_droit)
VALUES('2','7');

INSERT INTO Autorisation(id_role,id_droit)
VALUES('2','8');

INSERT INTO Autorisation(id_role,id_droit)
VALUES('2','9');

INSERT INTO Autorisation(id_role,id_droit)
VALUES('2','10');

INSERT INTO Autorisation(id_role,id_droit)
VALUES('2','11');

INSERT INTO Autorisation(id_role,id_droit)
VALUES('2','12');

INSERT INTO Autorisation(id_role,id_droit)
VALUES('2','13');

INSERT INTO Autorisation(id_role,id_droit)
VALUES('2','14');

INSERT INTO Autorisation(id_role,id_droit)
VALUES('2','15');

INSERT INTO Autorisation(id_role,id_droit)
VALUES('2','16');

INSERT INTO Autorisation(id_role,id_droit)
VALUES('3','7');

INSERT INTO Autorisation(id_role,id_droit)
VALUES('3','8');

INSERT INTO Autorisation(id_role,id_droit)
VALUES('3','9');

INSERT INTO Autorisation(id_role,id_droit)
VALUES('3','10');

INSERT INTO Autorisation(id_role,id_droit)
VALUES('3','11');

INSERT INTO Autorisation(id_role,id_droit)
VALUES('3','12');

INSERT INTO Autorisation(id_role,id_droit)
VALUES('3','13');

INSERT INTO Autorisation(id_role,id_droit)
VALUES('3','14');

INSERT INTO Autorisation(id_role,id_droit)
VALUES('3','15');

INSERT INTO Autorisation(id_role,id_droit)
VALUES('3','16');